43 + -348. Let y be ((-4)/3)/(14/f). What is the greatest common factor of y and 2?
2
Let d be (-4)/(-6) - 24/9. Suppose -2 = -5*s - 7. Let u be s + (1 + 10 - d). Calculate the greatest common divisor of 36 and u.
12
Suppose 4 + 84 = y. Calculate the highest common factor of y and 11.
11
Let r(i) = 2*i**3 - 54*i**2 + 10. Let w be r(27). What is the highest common factor of w and 4?
2
Let l = -4 + 11. What is the highest common divisor of l and 49?
7
Let i(s) = -15*s**2 + 22. Let h(w) = 7*w**2 - 11. Let m(t) = 13*h(t) + 6*i(t). Let l be m(9). What is the highest common factor of l and 10?
10
Suppose 144 = 3*j - 144. Suppose -i = 2*i - 36. What is the highest common factor of j and i?
12
Suppose 5*o = 3*o + 28. Suppose -t + 74 = -62. Let n = 262 - t. What is the highest common factor of o and n?
14
Suppose -2*u + 102 = -94. Calculate the greatest common divisor of 14 and u.
14
Let k be (1 - -1)*(-7)/(-2). Let v = k - 5. What is the greatest common factor of v and 16?
2
Let h(o) = -o**2 + 8*o + 11. Let i be h(9). Suppose -i*m - 30 = 3*m. Let l be ((-50)/(-15))/((-4)/m). What is the greatest common factor of l and 1?
1
Let w(d) = -d**3 - 4*d**2 - 3*d + 1. Let y be w(-4). Let b = y + -11. Suppose -3*z + b*z = -10. Calculate the highest common factor of z and 90.
10
Let h = 4 - -21. What is the highest common factor of h and 100?
25
Let f be ((-7)/(-14))/(2/120). Let p(r) = r**3 - 4*r. Let s be p(3). Calculate the greatest common divisor of s and f.
15
Let o(a) = a**2 + 2*a + 5. Let h be o(-3). What is the greatest common divisor of 2 and h?
2
Suppose 4*q - 2*f + 32 = 0, 0*q + 2*f - 38 = 5*q. Let b = -4 - q. Let y = 18 - 2. What is the highest common divisor of y and b?
2
Let a = 6 - 4. Suppose 2*c = -3*b - 90, -b - 4*c - 84 = a*b. Let q = 46 + b. What is the greatest common divisor of 42 and q?
14
Let c be 20 - (5 + 3/(-1)). Suppose -5*p - 79 = -x, 5*x + 3*p = 4*x + 39. Suppose 0*n = -n + x. Calculate the greatest common factor of n and c.
18
Suppose m = 5*h - 249 - 324, 2*h - 222 = -2*m. What is the greatest common factor of 6 and h?
6
Let o(x) = -4*x + 8. Let t be o(-3). Calculate the greatest common divisor of t and 20.
20
Let b be (-365)/(-3) - 4/6. Calculate the greatest common divisor of b and 11.
11
Let j = -139 + 171. Let o be (1/1)/(1/4). What is the greatest common factor of j and o?
4
Let u = 22 - 42. Let o be u/14*(-8 - -1). What is the highest common factor of o and 5?
5
Let p = -2 + 10. What is the highest common factor of 20 and p?
4
Let p be 0/2 - (3 - 11). Let l = -18 + 26. Calculate the highest common divisor of p and l.
8
Let p(u) = 2*u**3 - u**2 - u + 2. Suppose -4*w = -2*m - 4 - 0, 3*m = -5*w + 16. Let o be p(m). Calculate the greatest common factor of 24 and o.
12
Let m be 2/5*(1 - 21). Let f(z) be the third derivative of z**4/24 + 8*z**3/3 - 2*z**2. Let h be f(m). Calculate the highest common divisor of 72 and h.
8
Suppose 7*b - 517 - 883 = 0. Let v = -39 + 64. Calculate the highest common divisor of b and v.
25
Let q(y) = -y**3 + 4*y**2 + 1. Let z be q(4). Calculate the greatest common factor of z and 4.
1
Let y(l) be the first derivative of 3*l**2/2 - 8*l - 2. Let m be y(7). Let k be (-1 + -77)/(((-450)/40)/15). What is the highest common divisor of m and k?
13
Let g(x) = x**3 - 7*x**2 + 2*x + 1. Let m = -5 + 12. Let r be g(m). Calculate the highest common factor of 135 and r.
15
Let p = -3 - -11. What is the greatest common divisor of 40 and p?
8
Let s be 5 + ((-2)/(-8))/((-9)/(-36)). What is the highest common divisor of s and 30?
6
Let z be (-26)/(-8) - (-7)/(-28). Calculate the highest common divisor of z and 7.
1
Let o be (0 - 0) + (0/(-3) - -6). Suppose z = 22 + 2. Calculate the highest common divisor of o and z.
6
Suppose p = -0*p - 6. Let x be (p/2)/((-6)/24). Suppose -3*i + 5*i - x = 4*w, 3*i - 27 = 3*w. Calculate the highest common divisor of i and 8.
4
Suppose 252 = 4*f + 2*f. Calculate the greatest common divisor of f and 28.
14
Let f(i) = -i + 3. Let z be f(0). Suppose -z*v + 5*b = -16, -3*b = 2*v + v. Suppose 0 = -3*n + 5*n - v. What is the highest common factor of n and 11?
1
Let w be 6/(-4)*20/(-3). Suppose 2 + w = 4*b. Suppose 0 = 4*y - 2*i + 216 - 704, 0 = b*y + 2*i - 359. What is the highest common divisor of 11 and y?
11
Let s be (-123)/(-9) - 2/(-6). Suppose 3*j = 20 + 316. Calculate the greatest common divisor of s and j.
14
Suppose -12 = -g - 0*g - 2*i, 5*g + 2*i = 28. Calculate the greatest common divisor of g and 1.
1
Let k be (-3)/(-6*(-1)/(-4)). Suppose -n + 3*m + k*m + 29 = 0, 2*m = 4*n - 26. What is the highest common factor of 44 and n?
4
Let c(r) = 6*r - 22. Let h be c(7). Calculate the highest common divisor of h and 50.
10
Let s(m) = -m - 6 + 7*m**3 + 4 - m**3 - 4*m + 3*m**2. Let a be s(-4). Let l be (-5)/(-20) - a/8. What is the highest common factor of l and 8?
8
Let z = 10 + -16. Let v(a) = -a - 8. Let s be v(z). Let p be s/4 - (-13)/2. What is the greatest common factor of 48 and p?
6
Let q(y) = -3*y - y - y**2 - 4*y - 8. Let d(l) = l**3 - 4*l**2 - 6*l - 1. Let t be d(5). Let k be q(t). What is the greatest common factor of 28 and k?
4
Suppose 0*u = 2*u - 8. Suppose w + u*w - 65 = 0. Calculate the greatest common factor of 117 and w.
13
Let l = 27 + -26. Let z(u) = u**3 + 4*u**2 - 5*u + 3. Let h be z(-5). What is the greatest common factor of l and h?
1
Suppose 15 = 3*g, 3*g + 0 - 1 = 2*s. Let v(x) = -x**2 + x + 1. Let c be v(0). Calculate the highest common factor of s and c.
1
Let i = -18 + 26. What is the highest common factor of 4 and i?
4
Let s = -854 - -884. Suppose -56 = -5*w - 6. Calculate the greatest common divisor of s and w.
10
Let m(c) = c - 3. Let a be m(0). Let b be (-15 + 3)*a/3. Calculate the greatest common divisor of 48 and b.
12
Suppose 3*w - 5*b = 421, -b + 147 = w - 4*b. What is the highest common factor of w and 12?
12
Suppose -4*m + 85 = -7. Suppose 0 = -2*p + 61 - m. What is the greatest common divisor of 95 and p?
19
Let f = 146 + -76. Calculate the greatest common divisor of f and 28.
14
Suppose 5*z + 0*z - 550 = 0. What is the highest common divisor of 10 and z?
10
Let t = 8 + -9. Let b = 0 - t. Calculate the greatest common divisor of b and 11.
1
Let z be (-1376)/14 + 10/35. Let s be (-1)/6 + z/(-12). Suppose 0 = -2*o + 133 + 43. Calculate the highest common factor of s and o.
8
Suppose 0 = d - 2. Calculate the greatest common factor of 2 and d.
2
Let l = -13 - -61. Suppose -2*s - l = -6*s. Calculate the highest common factor of s and 48.
12
Let c be 30 - -1 - (7 + -9). Calculate the highest common divisor of c and 11.
11
Let r(o) = o**3 - 6*o**2 + 6*o + 3. Let q be r(5). Suppose 2*n + 5*t - q = 2*t, 0 = 2*t - 4. Calculate the greatest common divisor of n and 9.
1
Let z be ((-18)/(-7))/(30/700). Calculate the highest common factor of z and 6.
6
Let z be (-2)/(-3)*18/(-12). Suppose 5*x + v = 0, 3*x + 2*v = -0*v + 7. Let a be (5 - x)/(-2)*z. Calculate the highest common divisor of 33 and a.
3
Let h = 12 + 14. What is the highest common factor of h and 130?
26
Let y = -18 - -15. Let n be y + -1 + 1 + 5. Calculate the greatest common factor of n and 16.
2
Suppose 3*u - 94 = 338. Calculate the highest common divisor of u and 18.
18
Suppose -3*w - 8 - 16 = 0. Let y = -3 - w. Let c(x) = x**2 + 2*x - 3. Let n be c(2). What is the highest common factor of y and n?
5
Let a = -62 + 65. What is the highest common divisor of a and 24?
3
Let g be (-2)/(-7) + 320/56. Let z be (-44)/(-5) - g/(-30). Calculate the greatest common divisor of z and 1.
1
Let i(n) = n**3 + 5*n**2 + 4*n + 2. Let b be i(-2). What is the highest common divisor of b and 78?
6
Let q = -196 - -394. What is the highest common divisor of 18 and q?
18
Suppose -32 = -2*k + 5*o, 0 = -k - 3*o + 2 + 3. Let x be (1 - -1)/((-1)/50). Let c = x + 166. Calculate the highest common factor of k and c.
11
Let l(j) = 2*j**3 - 7*j**2 + 2*j - 9. Let o be l(5). Calculate the highest common divisor of o and 19.
19
Let p = -12 + 16. What is the greatest common factor of 44 and p?
4
Let f = -11 - -20. Let w be (f/(-2))/((-4)/16). What is the greatest common divisor of w and 9?
9
Let x be (-1 - -10)/(-2 - -3). Suppose -3*y - 3*j + 8 = -7, 3*j - 8 = -2*y. Let i = y - -29. Calculate the greatest common factor of i and x.
9